 + 93*w**2 - 26*w - 62. Let j(f) = -11*k(f) - 2*z(f). What is j(-6)?
-26
Let g be 272/408*(5/(-2) + -2). Let k(o) = 3*o**2 - 5*o - 15. Give k(g).
27
Let f be (-110)/25 - ((-27)/5 + 5). Let h(c) = c + 1. Let a(b) = 2*b**2 - 3*b - 10. Let t(m) = a(m) + 5*h(m). What is t(f)?
19
Let s(q) be the second derivative of 2*q**3/3 - 51*q**2/2 + 1245*q + 3. Give s(6).
-27
Suppose -5*p + 1 = 16. Let g(v) be the first derivative of 0*v + 43 + 9/2*v**2. What is g(p)?
-27
Let t(o) be the second derivative of o**4/12 + o**3/2 - 3*o**2/2 + 277*o. Suppose -5*g - 22 = -3*h, -3*h = -3*g + 2*g - 2. Give t(g).
7
Let b(p) = 15*p + 82. Let z(g) = 133*g + 749. Let v(a) = 35*b(a) - 4*z(a). Determine v(-17).
-7
Suppose -3*r = -32*v + 28*v - 39, 4*r - 2*v = 22. Let g(f) be the third derivative of -f**4/12 + f**2. Determine g(r).
-2
Let t(g) = 65*g + 3110. Let a be t(-48). Let w(c) = -5*c - 49. Give w(a).
1
Let s(g) = -4*g**2 - 15*g + 19. Let q(o) = 3*o**2 + 14*o - 18. Suppose 4*p + 35 = -3*p. Let r(c) = p*q(c) - 4*s(c). Determine r(11).
25
Let v(q) = -11 - 14*q**3 - 10*q + 28*q**3 - 11*q**2 - 15*q**3. Suppose 0 = -3*h - o - 46 + 20, 46 = -5*h - o. Give v(h).
-11
Let b(t) be the first derivative of t**2/2 - 6*t + 5773. Let i be 2*(1 + 2/4). Give b(i).
-3
Let h be 4*8/(-8) + 7. Suppose -h = -257*f + 260*f. Let i(a) = 5*a**2 - 1. Give i(f).
4
Let t = 76 + -78. Let x be 235/45 - (t - 20/(-9)). Suppose -x*r - 19 = 11. Let y(j) = j**3 + 6*j**2 + 8. Determine y(r).
8
Let j = -390 + 393. Let s(n) = -35*n**2 - 1 + 2*n - j*n + 67*n**2 - 33*n**2. Calculate s(-2).
-3
Let k(x) = 4*x**3 - x**2 - 7*x - 3. Let n(i) = 5*i - 11. Let b(p) = -9*p + 18. Let f(j) = -3*b(j) - 5*n(j). Let u(v) = 3*f(v) + k(v). Determine u(-1).
-4
Let x(d) be the third derivative of -d**5/60 - 17*d**4/24 - d**3 - 3*d**2. Let f be 5 + (-5 - 16 - 1). Let i be x(f). Let q(y) = 2*y + 8. What is q(i)?
-4
Let t(u) = -u**3 - 19*u**2 - u - 45. Suppose -37120 = 16*w - 36816. What is t(w)?
-26
Let q(k) = -k**3 + 7*k**2 + 5*k - 9. Let z be (-12)/(-14)*(-5 - -37 - 25). Give q(z).
57
Suppose 4*t + 141 - 9 = 112. Let r(f) be the second derivative of -f**5/20 - 5*f**4/12 + f**3/6 + 11*f**2/2 - f. What is r(t)?
6
Let z = -340 + 344. Suppose -3*d - 2 = z, 3*d = -5*t - 36. Let w(c) = 7*c + 8. What is w(t)?
-34
Let q(r) = -2*r**2 - 13*r - 13. Let k(i) = 16*i**2 - 197*i + 59. Let m be k(12). Calculate q(m).
-2
Let l(h) = -13*h + 41. Let w(g) = 14*g - 51. Let f(n) = -5*l(n) - 4*w(n). Let s(r) = -r**2 - r - 2. Let z be s(-2). Let d be z/(-10) - (-3)/5. Give f(d).
8
Let g(q) = q**2 - 7*q + 5. Suppose -40 = -4*z + r + 16, 2*z + 5*r = 28. Let u be (z/(-12) - -1) + (-222)/(-36). What is g(u)?
-1
Let c(h) = h**2 + 3*h + 3. Let j be 1*(52 - (3 - 0)). Let t = j - 54. Calculate c(t).
13
Let p(g) = g**2 + 6*g - 75. Suppose 0 = 6*n - 3*n, 0 = 7*d - 4*d - 4*n + 36. Calculate p(d).
-3
Let g = -71 + 96. Let x(b) = -g*b + 27*b - 1 - 7. What is x(5)?
2
Let x(u) be the second derivative of 0 + 2*u**2 + 4*u + 1/2*u**3. Suppose -12 = -2*g - 2*g. What is x(g)?
13
Let s(y) = 10*y + 164. Suppose 0 = 199*l - 265*l - 1188. What is s(l)?
-16
Let o(x) = 2*x - 5. Let c(b) = 1. Let y(k) = -4*c(k) - o(k). Suppose 3*d - 8 = d + 4*l, 0 = 2*l. Suppose -f + 5*f - 4*j = 0, -d = 4*f - 3*j. Calculate y(f).
9
Let s(b) be the first derivative of 3*b**5/4 + b**2/2 + 76*b - 60. Let k(x) be the first derivative of s(x). What is k(-1)?
-14
Let r(i) = i**2 + 15*i - 14. Let l be r(-16). Let v(c) = 4 + l + 200*c - 201*c. Suppose -2*x + 3*a + 24 = 0, x = 5*x - 3*a - 36. Give v(x).
0
Let f(h) = h + 0 - 1 + 2. Let o(n) be the third derivative of n**4/4 - n**3/6 + 1663*n**2. Let a(j) = -f(j) + o(j). What is a(2)?
8
Let t(z) = -2*z**2 - 6*z - 6. Let r(l) be the third derivative of -l**5/60 + 19*l**4/24 - 37*l**3/3 + 3*l**2 + 7. Let y be r(14). Determine t(y).
-14
Let s = -24839 - -24837. Let v(i) = -48*i - 106. What is v(s)?
-10
Let h(l) = -142*l**2 - 852*l. Let z be h(-6). Let q(p) be the third derivative of 1/3*p**3 + 0*p + z + 5*p**2 + 1/24*p**4 - 1/30*p**5. Calculate q(-2).
-8
Let k(c) = 8*c + 62. Suppose -224*v + 293*v + 345 = 0. Give k(v).
22
Let u(y) = -y + 2. Let k(b) = -2*b**2 - 27*b + 9. Let f(q) = -22*q + 52. Let s be f(3). Let m be k(s). Give u(m).
7
Let x(k) = 18 - 147*k**2 - 73 - 181*k**2 + 330*k**2 - 26*k. What is x(-2)?
5
Suppose g = 4*w + 17, -36 + 91 = 5*g - 5*w. Let k(d) = -4*d + g*d - 3*d + d - 11. Calculate k(5).
4
Let t(z) = -2*z**3 - 2*z**2 + z + 4. Let i be t(-2). Suppose -35 = i*n - 5. Let r(w) = 3*w - 7 - w + 3. What is r(n)?
-10
Let o(s) = s**2 - 34 - 4078*s + 4065*s + s**3 + 6*s**2 + 7*s**2 - 5*s**2. Determine o(-10).
-4
Let f be 0/(-1)*10/(-640)*-32. Let x(s) be the third derivative of f + 12*s**2 - 1/6*s**3 + 0*s + 1/15*s**5 - 1/24*s**4. Give x(-1).
4
Let o(s) be the first derivative of -3*s**2/2 + 24*s - 3378. Let i = -18 - -28. Calculate o(i).
-6
Let w(p) = p**2 - 2*p - 5. Let u = 622 + -610. Let g be (u/(-2) + 0)*72/108. What is w(g)?
19
Let k(w) = -26*w**2 - 3 - w - w**3 + 16*w**2 + 9*w**2. Let g(p) = -2*p**3 + p**2 - 2*p - 6. Let l(r) = g(r) - 3*k(r). What is l(-4)?
-1
Let j(t) = -12*t**3 - 58*t**2 + 25*t + 10. Let v(d) = d**3 + 5*d**2 - 3*d - 1. Let s(i) = j(i) + 5*v(i). What is s(-5)?
5
Suppose -3*b + 27 = -0*b. Let o = b + -10. Let j(p) = -2*p**2 - 5*p + 3. Let q(s) = -4*s**2 - 2*s + 1. Let h(l) = -j(l) + 3*q(l). Give h(o).
-9
Let z(g) = -3*g**2 - 5*g - 6. Let y(s) = -s**2 - 2*s - 1. Let h(w) = -4*y(w) + z(w). Give h(4).
26
Let z(p) be the third derivative of p**6/120 + 7*p**5/60 + p**4/12 + p**3/3 + 542*p**2. Give z(-7).
-12
Let t(q) = q**3 - 4*q**2 + 2. Let l be (14/42)/((-2)/(-48))*-1. Let x be l/20*(2 + -7). What is t(x)?
-6
Let d = -14 + 20. Let l(u) = 71*u - 69. Let p(b) = -1409*b + 1372. Let a(v) = 119*l(v) + 6*p(v). Calculate a(d).
-9
Let r(m) be the first derivative of 1/2*m**2 + 2*m + 27. Calculate r(6).
8
Let o = 16 + -12. Let k(g) = -9*g + 214 + 167 - 375. Calculate k(o).
-30
Suppose -f - 20 = -5*o, -f + 6*f - 2*o + 31 = 0. Let c = 8 + f. Let t(m) = 1601300*m**3 - 800650*m**3 + 3*m**2 + 2*m - 800652*m**3. What is t(c)?
-21
Let m(g) = 10*g + 16. Suppose -58*d - 203 - 115 = 146. Calculate m(d).
-64
Let t = -54 + 57. Let x(c) = -9*c**2 + 5 + 18*c**2 - c**t - 3*c + c - 3*c**2. Suppose -5*w + 12 = -18. Give x(w).
-7
Let i(c) = -11*c**2 - 52*c + 179. Let t be i(-7). Let j(g) = -4*g**2 + g + 19. Calculate j(t).
-41
Suppose s = -2*a - 17, 5*a - 6*s + s = -5. Let f(j) be the first derivative of 7 - 7 - j**2 - 2*j - 16 - 20. Give f(a).
10
Let t(q) be the second derivative of 7*q**4/12 - q**3/6 + 3*q**2 + 2272*q. Determine t(3).
66
Let t(h) = -2*h + 0*h - 5*h**2 + 0*h**2. Suppose 0 = m - 4*n - 16, 0 = 3*m - 2*n + 2. Let j(b) = 2*b**3 + 10*b**2 + 9*b + 2. Let d be j(m). Determine t(d).
-16
Let h(v) = -6*v. Let y be (2 - -1)/(0 + 1). Suppose -5*q - k = -11 - 7, 4*q - 5*k = -y. Give h(q).
-18
Let x(q) be the third derivative of q**6/120 - 4*q**5/15 - 5*q**4/8 - 16*q**3/3 + 278*q**2. What is x(17)?
2
Let s(l) = -128*l + 2434. Let h be s(19). Let x(y) be the second derivative of -1/20*y**5 - 25*y + 0 + 1/3*y**4 + 3/2*y**h - 1/3*y**3. Determine x(3).
6
Let u(f) = 3*f + 23. Let p(r) = 49*r + 1. Let b be p(-1). Let l = b - -53. Let x(k) = 2*k + 15. Let c(t) = l*u(t) - 8*x(t). Calculate c(-6).
1
Let m = 10162 + -10164. Let o be (-4)/14 - 8/(-28). Let f(y) = o*y**3 - 2*y - 3*y**2 - y**3 + y**2. Calculate f(m).
4
Let l(k) = k**3 + k**2 - k + 2. Let s = -158 - -159. Let m be ((-6)/(-3) - s)*0. Calculate l(m).
2
Let w(m) = m**2 + 2*m**2 - 80 + 248 - 87 - 91 - 9*m. Calculate w(5).
20
Let v(r) = 3*r**2 + 11*r - 3. Suppose 5*f = 10*f - y + 32, 38 = -5*f + 4*y. What is v(f)?
39
Let v(y) be the third derivative of -y**4/4 + y**3/6 - 783*y**2. Suppose 0 = -3*b - b - 12. Give v(b).
19
Let i = -28 + 30. Let m(f) = -f**2 + 2*f - 3. Let b be m(i). Let o(r) = -r**3 - 4*r**2 - r - 3. Give o(b).
-9
Suppose -b + 7 + 10 = 0. Suppose -7*k = 17*k + 528. Let i = k + b. Let o(p) = p**3 + 6*p**2 + 4*p - 2. What is o(i)?
3
Let b(r) = -7*r - 85. Let t be b(-13). Suppose -t*l - 23 = m - l, 5*l + 20 = 0. Let w(y) = -2*y - 8. Determine w(m).
-2
Let z(h) = 8*h + 69. Let w be z(10). Suppose 5*n + 44 - w = 0. Let s be (-20)/(-3) + (n/9 - 3). Let r(y) = y**3 - 7*y**2 + 5*y. What i